ase 2, what is 100 - 10100010?
-10011110
In base 16, what is -122 + 58?
-ca
In base 11, what is 4 + -27?
-23
In base 13, what is b2 + -11?
a1
In base 16, what is -3e + 4?
-3a
In base 2, what is 11000 - 101?
10011
In base 16, what is -2 + -1?
-3
In base 12, what is 2a6 - 4?
2a2
In base 12, what is 49 - 61?
-14
In base 5, what is 4 + 133?
142
In base 5, what is -1 - -214?
213
In base 4, what is 23 + -121?
-32
In base 7, what is -21430 - -3?
-21424
In base 12, what is -9b + -1?
-a0
In base 3, what is -10221 + -20210?
-101201
In base 10, what is -12 + 2?
-10
In base 13, what is -539 + -7?
-543
In base 14, what is 75 - 5?
70
In base 14, what is -4 - -35?
31
In base 13, what is 5 - -115?
11a
In base 11, what is -697 - 3?
-69a
In base 9, what is -315 - -12?
-303
In base 11, what is -57 - 4?
-60
In base 2, what is 100 - 1111001?
-1110101
In base 6, what is 1210 + -124?
1042
In base 2, what is 1111000101 - -1?
1111000110
In base 15, what is -2 - -79?
77
In base 5, what is 4 + -10201?
-10142
In base 5, what is 41 + 21?
112
In base 4, what is 12233 + 0?
12233
In base 9, what is -874 + -4?
-878
In base 6, what is 5 - -30225?
30234
In base 15, what is -1 + -5a5?
-5a6
In base 14, what is 44 - -3?
47
In base 2, what is 100 + 1000000011?
1000000111
In base 15, what is 2 + 138?
13a
In base 3, what is 0 - -122?
122
In base 3, what is 0 + 1011?
1011
In base 6, what is 3 - -3021?
3024
In base 9, what is 414 - -61?
475
In base 4, what is 10 + -233?
-223
In base 15, what is -1 - -4b3?
4b2
In base 5, what is 23 - -2?
30
In base 11, what is 6 - 219?
-213
In base 12, what is 8a + -17?
73
In base 9, what is 87 - -10?
107
In base 4, what is 2 + 1113?
1121
In base 14, what is -1 + 4?
3
In base 4, what is 201 + -10?
131
In base 10, what is -383 - 5?
-388
In base 3, what is 2021 + 1?
2022
In base 15, what is 75 + 0?
75
In base 4, what is -11 + 10212?
10201
In base 15, what is 3 - 432?
-42e
In base 7, what is 154 - -135?
322
In base 16, what is 111 + -e?
103
In base 9, what is 1 + -213?
-212
In base 3, what is -2112 - 11221?
-21110
In base 8, what is -624 + -4?
-630
In base 16, what is 3af + 2?
3b1
In base 16, what is 0 - 8?
-8
In base 4, what is 21 + 111303?
111330
In base 3, what is -101 + 2?
-22
In base 6, what is -5 + -5433?
-5442
In base 10, what is -5 - -1456?
1451
In base 10, what is -23 + -1430?
-1453
In base 6, what is 43202 + -4?
43154
In base 13, what is 60 + -3?
5a
In base 12, what is -aa - -5?
-a5
In base 5, what is 114 - -31?
200
In base 14, what is -2ab + -d?
-2ba
In base 6, what is -125 + 3?
-122
In base 6, what is 152235 + 4?
152243
In base 15, what is -5 - 20?
-25
In base 14, what is -56 - 2?
-58
In base 7, what is -1 + -12?
-13
In base 13, what is -8 - 2?
-a
In base 5, what is 102 + 42?
144
In base 13, what is -164 + 1b?
-146
In base 2, what is -11110110 - -11?
-11110011
In base 12, what is 2 - 533?
-531
In base 9, what is 6 - -7?
14
In base 15, what is 53 + -4?
4e
In base 9, what is 1574 - -1?
1575
In base 4, what is 2333 - 2?
2331
In base 15, what is 194 + -1b?
178
In base 4, what is -23103 - 3?
-23112
In base 6, what is -2 + -11201?
-11203
In base 4, what is 11 + 1200?
1211
In base 7, what is 150 + 3?
153
In base 6, what is -5 + 13331?
13322
In base 9, what is -147 - 14?
-162
In base 5, what is 12 - 3311?
-3244
In base 3, what is 1001002 + 0?
1001002
In base 11, what is 1a2 + -a?
193
In base 11, what is -3 - -23?
20
In base 9, what is 3065 + -3?
3062
In base 9, what is 1 - -385?
386
In base 2, what is 11001100010001 - 1?
11001100010000
In base 6, what is 4 + -4014?
-4010
In base 4, what is 11 - -11202?
11213
In base 15, what is 2 - 864?
-862
In base 11, what is 38 - 3?
35
In base 4, what is -1 - -22120?
22113
In base 14, what is 2b - 0?
2b
In base 3, what is -10110 - 21?
-10201
In base 10, what is 241 + 4?
245
In base 13, what is -336 + 5?
-331
In base 13, what is 4342 + 4?
4346
In base 12, what is 62 + 5?
67
In base 7, what is -13 + -1556?
-1602
In base 9, what is -278 - 11?
-300
In base 14, what is 448a + 5?
4491
In base 6, what is 0 + 240?
240
In base 12, what is 4 - -6?
a
In base 5, what is 3211 + 0?
3211
In base 8, what is 56 + -55?
1
In base 6, what is 232522 - -3?
232525
In base 3, what is 1 + 10011?
10012
In base 14, what is -246 - 2?
-248
In base 9, what is -4 + 575?
571
In base 11, what is 9a - -2?
a1
In base 5, what is 22 + 42?
114
In base 13, what is 2 + -156?
-154
In base 3, what is -11 + -1012?
-1100
In base 6, what is 212 - 0?
212
In base 9, what is 4 - 683?
-678
In base 14, what is -5 - -458?
453
In base 11, what is 41 + -24?
18
In base 9, what is 14484 + 0?
14484
In base 7, what is -1436 + -11?
-1450
In base 15, what is -6 + 594?
58d
In base 9, what is -131 + -3?
-134
In base 2, what is 11001100001 - -11?
11001100100
In base 14, what is 12 + 17?
29
In base 9, what is 35784 - -1?
35785
In base 15, what is d5c - -2?
d5e
In base 4, what is -10 + 1010303?
1010233
In base 14, what is -3 + 1091?
108c
In base 2, what is -10011 - -1011?
-1000
In base 8, what is 46203 + -5?
46176
In base 6, what is -1 + 4?
3
In base 2, what is -11110 + 110000?
10010
In base 13, what is -4 + -30?
-34
In base 12, what is -486 - 2?
-488
In base 4, what is 103201 + -11?
103130
In base 5, what is -32 + 22?
-10
In base 15, what is -4811 + 4?
-480c
In base 5, what is -2 - -4?
2
In base 8, what is -5 + 3133?
3126
In base 3, what is 20010 + -2?
20001
In base 16, what is -c + -21?
-2d
In base 13, what is -1 - 1273?
-1274
In base 15, what is -53 - -2?
-51
In base 7, what is 121 + 116?
240
In base 16, what is -3 + -6cd?
-6d0
In base 5, what is -10 + -203?
-213
In base 10, what is 1 + 1146?
1147
In base 13, what is -265 + 5?
-260
In base 7, what is -1646 + 15?
-1631
In base 2, what is -100 - 11?
-111
In base 9, what is -8460 - 3?
-8463
In base 14, what is 332 + -4?
32c
In base 10, what is 1 + -4881?
-4880
In base 9, what is 22 + -21?
1
In base 12, what is 6402 + 0?
6402
In base 14, what is 9d9 - -c?
a07
In base 7, what is 2341 + 0?
2341
In base 4, what is -12202 + -113?
-12321
In base 2, what is 1 - -1101101?
1101110
In base 4, what is 233 + -1?
232
In base 2, what is 110000110011 + 100?
110000110111
In base 8, what is 6266 - 4?
6262
In base 4, what is 13312 - 0?
13312
In base 11, what is -11 - -40?
2a
In base 13, what is -2 - -3?
1
In base 5, what is -12 - 1301?
-1313
In base 16, what is 5 + 2?
7
In base 3, what is -121202 + -110?
-122012
In base 14, what is 4 - -40?
44
In base 4, what is -302 + -3211?
-10113
In base 4, what is -1 + -113?
-120
In base 14, what is 168 + -3?
165
In base 10, what is -2 - 14?
-16
In base 10, what is -450 + 3?
-447
In base 16, what is 58 - 23?
35
In base 4, what is -320331 + 0?
-320331
In base 5, what is 1210 + 10?
1220
In base 14, what is 17 - -5?
1c
In base 4, what is 1 - 10021?
-10020
In base 10, what is 4719 - 1?
4718
In base 6, what is 1 - -131?
132
In base 2, what is 10 + -11100?
-11010
In base 12, what is 0 - -b86?
b86
In base 15, what is -10 - 17?
-27
In base 12, what is -136b - 2?
-1371
In base 3, what is -1122100 + -2?
-1122102
In base 13, what is 294 + -4?
290
In base 9, what is -21 - -1?
-20
In base 8, what is -1166 + -2?
-1170
In base 14, what is -3 - 587?
-58a
In base 2, what is -100 - 1011101000?
-1011101100
In base 15, what is 77 - -10?
87
In base 5, what is -44313 - 1?
-44314
In base 16, what is 5d + e?
6b
In base 13, what is 48 - -37?
82
In base 8, what is -1264 - -3?
-1261
In base 10, what is 1249 + -1?
1248
In base 6, what is -153 - -5?
-144
In base 4, what is -1312 + 2?
-1310
In base 6, what is 1 - -4245?
4250
In base 16, what is 52 - -5?
57
In base 2, what is -1100 - 110111?
-1000011
In base 5, what is -310 - 2?
-312
In base 6, what is 3 + 11110?
11113
In base 13, what is -3 - -159?
156
In base 4, what is 10 + -1110?
-1100
In base 8, what is 1 + 10562?
10563
In base 15, what is -2 - 153?
-155
In base 5, what is 1440 + 3?
1443
In base 13, what is 18 + -16?
2
In base 3, what is 10 - 10211022?
-10211012
In base 9, what is 31 - 63?
-32
In base 9, what is -35 + -5?
-41
In base 6, what is -13540 + -4?
-13544
In base 10, what is 4 - 11?
-7
In base 6, what is -2115 - 3?
-2122
In base 12, what is -4 + 185?
181
In base 4, what is 1032 - -13?
1111
In base 7, what is -24 + 42?
15
In base 5, what is -24 + 1?
-23
In base 15, what i